e -4*w + q = -b, 2*b - b = -5*w + 21. What is the remainder when 138 is divided by (-1)/b - (-2)/(-24)*-417?
33
Calculate the remainder when 17770 is divided by 84/48 + 1882/8.
232
Let m = 15 - 15. Suppose -27 = v - 43. Calculate the remainder when (-4 - -68) + -1 + m is divided by v.
15
Suppose 3*b = -5*x + 30, -19*x + 45 = 4*b - 14*x. Calculate the remainder when 96 is divided by b.
6
Suppose -33*k = 287*k - 15680. Suppose x + 120 = -4*x. Let t = 1 - x. Calculate the remainder when k is divided by t.
24
Let d be 6/(-5 - (-2 + -5)). Let s = 38 - 19. What is the remainder when s is divided by (-1)/((-34)/20 + d/2)?
4
Suppose -19 = -b - 3*x, -2*b + b = -5*x - 11. Calculate the remainder when b is divided by 2/(-15)*40*3/(-2).
0
Let b(n) = -20*n**3 - 2*n**2 + 29*n + 54. What is the remainder when 2377 is divided by b(-4)?
5
Let i(m) = -m**2 - 8*m - 4. Suppose -2*s - 37 = -y, -11*y + 85 = -7*y + s. What is the remainder when y is divided by i(-6)?
7
Let m(f) = -12*f**2 - 60*f + 8. Let n be m(-7). Let d = 208 + n. What is the remainder when d is divided by -2*(0 - 68/8)?
14
Suppose 5*d + 30 = -5*q, -2*d - 2*d = -2*q - 42. Let g(m) = -m - 8. Suppose 7 - 8 = -5*i - 3*p, 4*i = -2*p + 2. What is the remainder when g(q) is divided by i?
1
Let j = -666 - -739. What is the remainder when -6*6/90 + 8744/10 is divided by j?
71
Let q = 98 - 74. Calculate the remainder when 925 is divided by q.
13
Let s(k) = k**2 + 2*k + 27. Calculate the remainder when 609 is divided by s(-6).
48
Suppose -36 - 36 = -q. Suppose -q = -17*t + 9*t. Calculate the remainder when 61 is divided by t.
7
Suppose -4*c + 6*i - 2*i = 108, 5*c = -2*i - 128. Let q(z) = -z**3 - 25*z**2 + 25*z - 1. Calculate the remainder when 98 is divided by q(c).
23
Let z(a) = -a**3 + 4*a**2 + 3*a + 7. Let s(f) = -4*f - 56. Let p = 11 - 48. Calculate the remainder when s(p) is divided by z(4).
16
Suppose 0 = 3*f - 26 + 8. Suppose f + 18 = 3*u. What is the remainder when (-349)/(-4) + (-3 - 84/(-48)) is divided by u?
6
Let a be 6 - ((-770)/5)/(-7). Let s(p) = p + 23. Calculate the remainder when 30 is divided by s(a).
2
Let z(i) = i**3 - 17*i**2 + 37*i + 2. Let k be z(15). Suppose 11*x + 86 = 12*x - 5*g, -k = -2*x - 3*g. Calculate the remainder when x is divided by 31.
30
Let k = -6127 + 7031. What is the remainder when k is divided by 291?
31
Suppose -2*f + q = -2211, 76*q - 5 = 71*q. What is the remainder when f is divided by 31?
21
Let v = 32249 + -31838. Calculate the remainder when 8626 is divided by v.
406
What is the remainder when 298 is divided by 470/50 + -1 + 72/45?
8
Suppose -8 = 295*p - 299*p. What is the remainder when 47 is divided by 18*p/4 - -3*1?
11
Calculate the remainder when 2015 is divided by -360*(-4 + 15 - 114/10).
143
Let i(j) = 9*j**2 + 25*j - 191. Let r(x) = -11*x**2 - 25*x + 192. Let f(p) = -6*i(p) - 5*r(p). What is the remainder when 55 is divided by f(13)?
25
Suppose 3506 = 2*j + 2*q, -4*j + 4*q + 4038 = -3022. Calculate the remainder when j is divided by 84.
79
Calculate the remainder when 328 is divided by (8 - (-1520)/(-48))*-3.
44
Let k(q) = 2*q**2 + 13*q - 20. Let o be k(-9). Suppose o*v = 20*v. Suppose v = s - 45 + 8. Calculate the remainder when s is divided by 8.
5
Suppose -4 - 4 = -4*t. Suppose 6*w - t*w = 36. What is the remainder when (-2)/((52/182)/(4*(-4)/8)) is divided by w?
5
Let j(c) = -c - 10. Suppose 5*s = -3*h - 38, -5 - 22 = 4*s - h. Let y be j(s). Calculate the remainder when (2 - 110)/y*1 is divided by 19.
17
Suppose p = -2*a - 2, 4*a - 8 = 2*p + 2*p. Let l = 12 + p. Calculate the remainder when 285/38*(4 - (-48)/60) is divided by l.
6
Let o = 28 - -53. Suppose 57 = 4*p - 3*p - 5*r, 2*p = -r + o. What is the remainder when 122 is divided by p?
38
Calculate the remainder when 57 is divided by 2/(-3)*(((-18)/(-12))/3 - 11).
1
Let j(x) = -96*x + 161*x - 80*x - 24 - x**2. Calculate the remainder when 49 is divided by j(-10).
23
Let c be 8/(-60) + 4739/105 + -2. Suppose -c*r + 2002 = -29*r. Calculate the remainder when r is divided by 50.
43
Suppose -5 = -5*t, -3*k - 362 = -0*k + t. Let i = k + 265. Suppose 16*z = 12*z + i. What is the remainder when 103 is divided by z?
31
Let t = -7 - -10. Suppose t*s - 6*s + 15 = 0. Suppose -q - 741 = -5*v, -s*q + q = v - 165. Calculate the remainder when v is divided by 30.
29
Let r be (-3082)/(-469) - (2 + (-20)/14). Suppose -12*m - r*m = -720. Calculate the remainder when 119 is divided by m.
39
Let c = 7181 + -6960. Calculate the remainder when c is divided by 116.
105
Suppose 11*i - 20 = i. Suppose -24 = -2*x - 2*k, -2 = -i*x + 2*k + 22. What is the remainder when 46 is divided by x?
10
Suppose 3*u + 22*g = u + 20124, 0 = -2*g - 4. Calculate the remainder when u is divided by 131.
128
Let g = 4 - 1. Suppose -u + 4*i + 139 = 0, 0 = g*u - 2*i + 3*i - 482. Let f = -76 + u. Calculate the remainder when f is divided by 11.
6
Let h = 294 + -238. Suppose -18 = -4*y + 34. Calculate the remainder when h is divided by y.
4
Let h be ((72/(-32))/(-9))/(1/12). Suppose 2*d = -4 - 0, 127 = k + h*d. Calculate the remainder when k is divided by 15.
13
Let x(c) = -12*c**3 + c**2 + 19*c + 19. Let o be x(-1). Suppose -o*f = -244 - 172. What is the remainder when 318 is divided by f?
30
Let g(i) = 54*i**2 - 151*i + 4. Calculate the remainder when 923 is divided by g(3).
35
Suppose 5*m = s - 0*m - 16, -3*m + 12 = 0. Suppose 23*g - 2470 = -40*g - 2*g. What is the remainder when g is divided by s?
2
Suppose 7*x = 4*x, 5*h + 5*x - 1055 = 0. Calculate the remainder when h is divided by 0/(-2) - -1 - (-4158)/99.
39
Let v = 46 - 33. Let d(r) = 34*r - 1175. Let n(j) = 66*j - 2350. Let f(i) = -11*d(i) + 6*n(i). Calculate the remainder when f(55) is divided by v.
9
Let f(k) = 5*k**2 + 6*k - 17. Let v be 159/24 + 24/64. Calculate the remainder when f(v) is divided by 21.
18
Let a = -21121 + 21231. Calculate the remainder when 786 is divided by a.
16
Suppose -122 = -12*l + 394. What is the remainder when l is divided by 23?
20
Suppose 2 = -2*r, -3*j - 5*r + 19 - 3 = 0. Let n(u) = 36*u**2 - u + 2. Let z be n(-4). Suppose 573*i + 297 = z*i. What is the remainder when i is divided by j?
5
Suppose 93 + 7 = 5*x + 2*h, 4*x = 2*h + 98. Let t = x - 22. Suppose t = -7*q + 5*q + 44. Calculate the remainder when 63 is divided by q.
19
Calculate the remainder when ((-2)/(-3))/((-14)/(-735)) is divided by 35/28*4/1.
0
Suppose -160*u = 405 - 8405. Calculate the remainder when 2*2/(-2) + 108 is divided by u.
6
Suppose -p + 29 = -g, -3*g + 69 = -3*p + 6*p. Calculate the remainder when 22 is divided by (-4 + p/4)*2.
2
Let w = -18654 - -19295. What is the remainder when w is divided by 58?
3
Suppose 4*m - 478 = 5*a + 578, -m + 230 = 3*a. Calculate the remainder when m is divided by 38.
26
Let p = 351 + -225. Let h = p - 92. Calculate the remainder when 130 is divided by h.
28
Suppose -i = -4*u - 11, -2*i + 29 = -3*u + 2. Suppose -2*x - x - 2*a = -287, x - 2*a - 109 = 0. What is the remainder when x is divided by i?
9
Let b(i) = i**3 + 13*i**2 + 2*i - 180. What is the remainder when 381 is divided by b(-9)?
3
Let o(d) = 7*d**2 - 13*d + 1. Calculate the remainder when o(4) is divided by 0/(-8) - (-245)/7.
26
Let c = -94 - -193. What is the remainder when c is divided by 13*(-1 + 2)/((-1196)/(-276))?
0
Let f(j) = 11*j**3 + j - 11*j**3 - 11*j**3 + 10*j**3 + 53*j**2 - 2. Calculate the remainder when 254 is divided by f(53).
50
Suppose -9*x + 21 + 43 = -x. Suppose 0 = -5*a - 2*m + 335, a + 3*a = 5*m + 301. Calculate the remainder when a is divided by x.
5
Let b(p) = -182*p - 166. Calculate the remainder when (-1028)/(-10) - 4/(-20) is divided by b(-1).
7
Let y = 20 - 18. Let h(c) = -8 - 2 + 5 + y*c - c**3 + 7*c**2 + 2. What is the remainder when 42 is divided by h(7)?
9
Let p(s) be the first derivative of s**2/2 + 79*s - 1. What is the remainder when p(0) is divided by -3 - (8/4 + -44 - 1)?
39
Let o(x) = x**3 - 21*x**2 + 24*x - 54. Let j be o(20). Suppose 4 = 2*l - 2, -a - l = -j. Calculate the remainder when a is divided by 8.
7
Let j be ((-78)/(-1) - 1) + -4. Suppose 4*c = 20, 0 = 2*s + 3*c - 38 + 13. Let m = s + j. Calculate the remainder when m is divided by 16.
14
What is the remainder when 115/2 - 2/4 is divided by 2/(-12)*(-58 + (-100 - -98))?
7
Let g = 724 - 64